{"id":5963,"date":"2018-06-06T12:16:28","date_gmt":"2018-06-06T10:16:28","guid":{"rendered":"http:\/\/serwer1328948.home.pl\/itp\/?page_id=5963"},"modified":"2018-06-20T13:52:21","modified_gmt":"2018-06-20T11:52:21","slug":"srodki-czystosci","status":"publish","type":"page","link":"https:\/\/www.itp-system.pl\/index.php\/srodki-czystosci\/","title":{"rendered":"\u015arodki czysto\u015bci"},"content":{"rendered":"<p><img loading=\"lazy\" decoding=\"async\" class=\"aligncenter size-full wp-image-6454\" src=\"http:\/\/serwer1328948.home.pl\/itp\/wp-content\/uploads\/2018\/06\/house2.jpg\" alt=\"\" width=\"1000\" height=\"300\" srcset=\"https:\/\/www.itp-system.pl\/wp-content\/uploads\/2018\/06\/house2.jpg 1000w, https:\/\/www.itp-system.pl\/wp-content\/uploads\/2018\/06\/house2-300x90.jpg 300w, https:\/\/www.itp-system.pl\/wp-content\/uploads\/2018\/06\/house2-768x230.jpg 768w, https:\/\/www.itp-system.pl\/wp-content\/uploads\/2018\/06\/house2-183x55.jpg 183w, https:\/\/www.itp-system.pl\/wp-content\/uploads\/2018\/06\/house2-600x180.jpg 600w\" sizes=\"auto, (max-width: 1000px) 100vw, 1000px\" \/><\/p>\n<p style=\"text-align: center;\"><strong>Produkty czyszcz\u0105ce:<\/strong><\/p>\n\n<table id=\"tablepress-28\" class=\"tablepress tablepress-id-28 tablepress-responsive\">\n<thead>\n<tr class=\"row-1\">\n\t<th class=\"column-1\">Nazwa produktu<\/th><th class=\"column-2\">Informacje o produkcie<\/th>\n<\/tr>\n<\/thead>\n<tbody class=\"row-striping row-hover\">\n<tr class=\"row-2\">\n\t<td class=\"column-1\"><strong>ACTIVE<\/strong><\/td><td class=\"column-2\">\u015arodek do mycia sanitariat\u00f3w<\/td>\n<\/tr>\n<tr class=\"row-3\">\n\t<td class=\"column-1\"><strong>ALU CLEANER<\/strong><\/td><td class=\"column-2\">\u015arodek do czyszczenia aluminium z funkcj\u0105 rozja\u015bniania<\/td>\n<\/tr>\n<tr class=\"row-4\">\n\t<td class=\"column-1\"><strong>APC<\/strong><\/td><td class=\"column-2\">Uniwersalny preparat czyszcz\u0105cy<\/td>\n<\/tr>\n<tr class=\"row-5\">\n\t<td class=\"column-1\"><strong>CLI<\/strong><\/td><td class=\"column-2\">\u015arodek do czyszczenia instalacji klimatyzacyjnych<\/td>\n<\/tr>\n<tr class=\"row-6\">\n\t<td class=\"column-1\"><strong>DEGREASER<\/strong><\/td><td class=\"column-2\">Silnie zasadowy \u015brodek do mycia i odt\u0142uszczania palenisk, grill\u00f3w, piec\u00f3w, komink\u00f3w<\/td>\n<\/tr>\n<tr class=\"row-7\">\n\t<td class=\"column-1\"><strong>DERUSTER<\/strong><\/td><td class=\"column-2\">\u015arodek do usuwania rdzawych \u015blad\u00f3w<\/td>\n<\/tr>\n<tr class=\"row-8\">\n\t<td class=\"column-1\"><strong>FLOOR<\/strong><\/td><td class=\"column-2\">P\u0142yn do gruntownego mycia pod\u0142\u00f3g<\/td>\n<\/tr>\n<tr class=\"row-9\">\n\t<td class=\"column-1\"><strong>FLOOR DAILY<\/strong><\/td><td class=\"column-2\">P\u0142yn do codziennej piel\u0119gnacji pod\u0142\u00f3g<\/td>\n<\/tr>\n<tr class=\"row-10\">\n\t<td class=\"column-1\"><strong>FRESH<\/strong><\/td><td class=\"column-2\">Od\u015bwie\u017cacz z funkcj\u0105 eliminacji przykrych zapach\u00f3w<\/td>\n<\/tr>\n<tr class=\"row-11\">\n\t<td class=\"column-1\"><strong>GASTRO<\/strong><\/td><td class=\"column-2\">\u015arodek do czyszczenia powierzchni gastronomicznych<\/td>\n<\/tr>\n<tr class=\"row-12\">\n\t<td class=\"column-1\"><strong>LEATHER FOAM<\/strong><\/td><td class=\"column-2\">Pianka do czyszczenia sk\u00f3ry<\/td>\n<\/tr>\n<tr class=\"row-13\">\n\t<td class=\"column-1\"><strong>RAPID NFC<\/strong><\/td><td class=\"column-2\">Niskopienny koncentrat emulguj\u0105cy do mycia r\u0119cznego i maszynowego<\/td>\n<\/tr>\n<tr class=\"row-14\">\n\t<td class=\"column-1\"><strong>SCENT<\/strong><\/td><td class=\"column-2\">Od\u015bwie\u017cacz powietrza<\/td>\n<\/tr>\n<tr class=\"row-15\">\n\t<td class=\"column-1\"><strong>SCREEN<\/strong><\/td><td class=\"column-2\">P\u0142yn do czyszczenia wy\u015bwietlaczy LCD, LED oraz okular\u00f3w<\/td>\n<\/tr>\n<tr class=\"row-16\">\n\t<td class=\"column-1\"><strong>SHINE<\/strong><\/td><td class=\"column-2\">\u015arodek do mycia szyb i luster<\/td>\n<\/tr>\n<tr class=\"row-17\">\n\t<td class=\"column-1\"><strong>SHOWER<\/strong><\/td><td class=\"column-2\">Produkt do mycia kabin prysznicowych<\/td>\n<\/tr>\n<tr class=\"row-18\">\n\t<td class=\"column-1\"><strong>TEXTILE<\/strong><\/td><td class=\"column-2\">Produkt do miejscowego usuwania plam z tapicerki materia\u0142owej<\/td>\n<\/tr>\n<\/tbody>\n<\/table>\n<!-- #tablepress-28 from cache -->\n<p><img loading=\"lazy\" decoding=\"async\" class=\"aligncenter size-full wp-image-6455\" src=\"http:\/\/serwer1328948.home.pl\/itp\/wp-content\/uploads\/2018\/06\/house3.jpg\" alt=\"\" width=\"1000\" height=\"300\" srcset=\"https:\/\/www.itp-system.pl\/wp-content\/uploads\/2018\/06\/house3.jpg 1000w, https:\/\/www.itp-system.pl\/wp-content\/uploads\/2018\/06\/house3-300x90.jpg 300w, https:\/\/www.itp-system.pl\/wp-content\/uploads\/2018\/06\/house3-768x230.jpg 768w, https:\/\/www.itp-system.pl\/wp-content\/uploads\/2018\/06\/house3-183x55.jpg 183w, https:\/\/www.itp-system.pl\/wp-content\/uploads\/2018\/06\/house3-600x180.jpg 600w\" sizes=\"auto, (max-width: 1000px) 100vw, 1000px\" \/><\/p>\n<p style=\"text-align: center;\"><strong>Pow\u0142oki i impregnaty:<\/strong><\/p>\n\n<table id=\"tablepress-29\" class=\"tablepress tablepress-id-29 tablepress-responsive\">\n<thead>\n<tr class=\"row-1\">\n\t<th class=\"column-1\">Nazwa produktu<\/th><th class=\"column-2\">Informacje o produkcie<\/th>\n<\/tr>\n<\/thead>\n<tbody class=\"row-striping row-hover\">\n<tr class=\"row-2\">\n\t<td class=\"column-1\"><strong>ANTIFOG<\/strong><\/td><td class=\"column-2\">Pow\u0142oka zapobiegaj\u0105ca zaparowaniom<\/td>\n<\/tr>\n<tr class=\"row-3\">\n\t<td class=\"column-1\"><strong>CRYSTAL<\/strong><\/td><td class=\"column-2\">Ekologiczna pow\u0142oka hydrofobowa do szk\u0142a<\/td>\n<\/tr>\n<tr class=\"row-4\">\n\t<td class=\"column-1\"><strong>GRANITE<\/strong><\/td><td class=\"column-2\">Uniwersalny, olejowy impregnat do powierzchni twardych i g\u0142adkich<\/td>\n<\/tr>\n<tr class=\"row-5\">\n\t<td class=\"column-1\"><strong>GRANITE PRO<\/strong><\/td><td class=\"column-2\">Uniwersalny, olejowy, samosieciuj\u0105cy impregnat do powierzchni twardych i g\u0142adkich, trwa\u0142y i odporny chemicznie<\/td>\n<\/tr>\n<tr class=\"row-6\">\n\t<td class=\"column-1\"><strong>LEATHER<\/strong><\/td><td class=\"column-2\">Pow\u0142oka do sk\u00f3ry licowanej, zamszu i nubuku<\/td>\n<\/tr>\n<tr class=\"row-7\">\n\t<td class=\"column-1\"><strong>ONYX<\/strong><\/td><td class=\"column-2\">Trwa\u0142a pow\u0142oka hydrofobowa do szk\u0142a i ceramiki szkliwionej, chroni\u0105ca przed powstawaniem odcisk\u00f3w palc\u00f3w <\/td>\n<\/tr>\n<tr class=\"row-8\">\n\t<td class=\"column-1\"><strong>TITAN<\/strong><\/td><td class=\"column-2\">Pow\u0142oka hydrofobowa do powierzchni metalowych i plastikowych<\/td>\n<\/tr>\n<tr class=\"row-9\">\n\t<td class=\"column-1\"><strong>VELVET<\/strong><\/td><td class=\"column-2\">Pow\u0142oka hydrofobowa do tkanin<\/td>\n<\/tr>\n<tr class=\"row-10\">\n\t<td class=\"column-1\"><strong>WOODSIL PRO<\/strong><\/td><td class=\"column-2\">Pow\u0142oka hydrofobowa do drewna surowego o wybitnej trwa\u0142o\u015bci<\/td>\n<\/tr>\n<\/tbody>\n<\/table>\n<!-- #tablepress-29 from cache -->\n<p><strong><a href=\"http:\/\/www.itp-system.pl\/index.php\/katalogi\/\">Wi\u0119cej informacji znajdziecie w naszych prezentacjach i katalogach!<\/a><\/strong><\/p>\n","protected":false},"excerpt":{"rendered":"<p>Produkty czyszcz\u0105ce: Pow\u0142oki i impregnaty: Wi\u0119cej informacji znajdziecie w naszych prezentacjach i katalogach!<\/p>\n","protected":false},"author":1,"featured_media":6444,"parent":0,"menu_order":0,"comment_status":"closed","ping_status":"closed","template":"","meta":{"footnotes":""},"class_list":["post-5963","page","type-page","status-publish","has-post-thumbnail","hentry"],"yoast_head":"<!-- This site is optimized with the Yoast SEO plugin v25.5 - https:\/\/yoast.com\/wordpress\/plugins\/seo\/ -->\n<title>\u015arodki czysto\u015bci - ITP-System<\/title>\n<meta name=\"robots\" content=\"index, follow, max-snippet:-1, max-image-preview:large, max-video-preview:-1\" \/>\n<link rel=\"canonical\" href=\"https:\/\/www.itp-system.pl\/index.php\/srodki-czystosci\/\" \/>\n<meta property=\"og:locale\" content=\"pl_PL\" \/>\n<meta property=\"og:type\" content=\"article\" \/>\n<meta property=\"og:title\" content=\"\u015arodki czysto\u015bci - ITP-System\" \/>\n<meta property=\"og:description\" content=\"Produkty czyszcz\u0105ce: Pow\u0142oki i impregnaty: Wi\u0119cej informacji znajdziecie w naszych prezentacjach i katalogach!\" \/>\n<meta property=\"og:url\" content=\"https:\/\/www.itp-system.pl\/index.php\/srodki-czystosci\/\" \/>\n<meta property=\"og:site_name\" content=\"ITP-System\" \/>\n<meta property=\"article:modified_time\" content=\"2018-06-20T11:52:21+00:00\" \/>\n<meta property=\"og:image\" content=\"https:\/\/www.itp-system.pl\/wp-content\/uploads\/2018\/06\/house1-1.jpg\" \/>\n\t<meta property=\"og:image:width\" content=\"1500\" \/>\n\t<meta property=\"og:image:height\" content=\"771\" \/>\n\t<meta property=\"og:image:type\" content=\"image\/jpeg\" \/>\n<meta name=\"twitter:card\" content=\"summary_large_image\" \/>\n<script type=\"application\/ld+json\" class=\"yoast-schema-graph\">{\"@context\":\"https:\/\/schema.org\",\"@graph\":[{\"@type\":\"WebPage\",\"@id\":\"https:\/\/www.itp-system.pl\/index.php\/srodki-czystosci\/\",\"url\":\"https:\/\/www.itp-system.pl\/index.php\/srodki-czystosci\/\",\"name\":\"\u015arodki czysto\u015bci - ITP-System\",\"isPartOf\":{\"@id\":\"https:\/\/www.itp-system.pl\/#website\"},\"primaryImageOfPage\":{\"@id\":\"https:\/\/www.itp-system.pl\/index.php\/srodki-czystosci\/#primaryimage\"},\"image\":{\"@id\":\"https:\/\/www.itp-system.pl\/index.php\/srodki-czystosci\/#primaryimage\"},\"thumbnailUrl\":\"https:\/\/www.itp-system.pl\/wp-content\/uploads\/2018\/06\/house1-1.jpg\",\"datePublished\":\"2018-06-06T10:16:28+00:00\",\"dateModified\":\"2018-06-20T11:52:21+00:00\",\"breadcrumb\":{\"@id\":\"https:\/\/www.itp-system.pl\/index.php\/srodki-czystosci\/#breadcrumb\"},\"inLanguage\":\"pl-PL\",\"potentialAction\":[{\"@type\":\"ReadAction\",\"target\":[\"https:\/\/www.itp-system.pl\/index.php\/srodki-czystosci\/\"]}]},{\"@type\":\"ImageObject\",\"inLanguage\":\"pl-PL\",\"@id\":\"https:\/\/www.itp-system.pl\/index.php\/srodki-czystosci\/#primaryimage\",\"url\":\"https:\/\/www.itp-system.pl\/wp-content\/uploads\/2018\/06\/house1-1.jpg\",\"contentUrl\":\"https:\/\/www.itp-system.pl\/wp-content\/uploads\/2018\/06\/house1-1.jpg\",\"width\":1500,\"height\":771},{\"@type\":\"BreadcrumbList\",\"@id\":\"https:\/\/www.itp-system.pl\/index.php\/srodki-czystosci\/#breadcrumb\",\"itemListElement\":[{\"@type\":\"ListItem\",\"position\":1,\"name\":\"Strona g\u0142\u00f3wna\",\"item\":\"https:\/\/www.itp-system.pl\/\"},{\"@type\":\"ListItem\",\"position\":2,\"name\":\"\u015arodki czysto\u015bci\"}]},{\"@type\":\"WebSite\",\"@id\":\"https:\/\/www.itp-system.pl\/#website\",\"url\":\"https:\/\/www.itp-system.pl\/\",\"name\":\"ITP-System\",\"description\":\"Centrum Innowacyjnych Technologii\",\"publisher\":{\"@id\":\"https:\/\/www.itp-system.pl\/#organization\"},\"potentialAction\":[{\"@type\":\"SearchAction\",\"target\":{\"@type\":\"EntryPoint\",\"urlTemplate\":\"https:\/\/www.itp-system.pl\/?s={search_term_string}\"},\"query-input\":{\"@type\":\"PropertyValueSpecification\",\"valueRequired\":true,\"valueName\":\"search_term_string\"}}],\"inLanguage\":\"pl-PL\"},{\"@type\":\"Organization\",\"@id\":\"https:\/\/www.itp-system.pl\/#organization\",\"name\":\"ITP-System Sp. z o.o.\",\"url\":\"https:\/\/www.itp-system.pl\/\",\"logo\":{\"@type\":\"ImageObject\",\"inLanguage\":\"pl-PL\",\"@id\":\"https:\/\/www.itp-system.pl\/#\/schema\/logo\/image\/\",\"url\":\"https:\/\/www.itp-system.pl\/wp-content\/uploads\/2021\/03\/cropped-UEEU.png\",\"contentUrl\":\"https:\/\/www.itp-system.pl\/wp-content\/uploads\/2021\/03\/cropped-UEEU.png\",\"width\":400,\"height\":100,\"caption\":\"ITP-System Sp. z o.o.\"},\"image\":{\"@id\":\"https:\/\/www.itp-system.pl\/#\/schema\/logo\/image\/\"}}]}<\/script>\n<!-- \/ Yoast SEO plugin. -->","yoast_head_json":{"title":"\u015arodki czysto\u015bci - ITP-System","robots":{"index":"index","follow":"follow","max-snippet":"max-snippet:-1","max-image-preview":"max-image-preview:large","max-video-preview":"max-video-preview:-1"},"canonical":"https:\/\/www.itp-system.pl\/index.php\/srodki-czystosci\/","og_locale":"pl_PL","og_type":"article","og_title":"\u015arodki czysto\u015bci - ITP-System","og_description":"Produkty czyszcz\u0105ce: Pow\u0142oki i impregnaty: Wi\u0119cej informacji znajdziecie w naszych prezentacjach i katalogach!","og_url":"https:\/\/www.itp-system.pl\/index.php\/srodki-czystosci\/","og_site_name":"ITP-System","article_modified_time":"2018-06-20T11:52:21+00:00","og_image":[{"width":1500,"height":771,"url":"https:\/\/www.itp-system.pl\/wp-content\/uploads\/2018\/06\/house1-1.jpg","type":"image\/jpeg"}],"twitter_card":"summary_large_image","schema":{"@context":"https:\/\/schema.org","@graph":[{"@type":"WebPage","@id":"https:\/\/www.itp-system.pl\/index.php\/srodki-czystosci\/","url":"https:\/\/www.itp-system.pl\/index.php\/srodki-czystosci\/","name":"\u015arodki czysto\u015bci - ITP-System","isPartOf":{"@id":"https:\/\/www.itp-system.pl\/#website"},"primaryImageOfPage":{"@id":"https:\/\/www.itp-system.pl\/index.php\/srodki-czystosci\/#primaryimage"},"image":{"@id":"https:\/\/www.itp-system.pl\/index.php\/srodki-czystosci\/#primaryimage"},"thumbnailUrl":"https:\/\/www.itp-system.pl\/wp-content\/uploads\/2018\/06\/house1-1.jpg","datePublished":"2018-06-06T10:16:28+00:00","dateModified":"2018-06-20T11:52:21+00:00","breadcrumb":{"@id":"https:\/\/www.itp-system.pl\/index.php\/srodki-czystosci\/#breadcrumb"},"inLanguage":"pl-PL","potentialAction":[{"@type":"ReadAction","target":["https:\/\/www.itp-system.pl\/index.php\/srodki-czystosci\/"]}]},{"@type":"ImageObject","inLanguage":"pl-PL","@id":"https:\/\/www.itp-system.pl\/index.php\/srodki-czystosci\/#primaryimage","url":"https:\/\/www.itp-system.pl\/wp-content\/uploads\/2018\/06\/house1-1.jpg","contentUrl":"https:\/\/www.itp-system.pl\/wp-content\/uploads\/2018\/06\/house1-1.jpg","width":1500,"height":771},{"@type":"BreadcrumbList","@id":"https:\/\/www.itp-system.pl\/index.php\/srodki-czystosci\/#breadcrumb","itemListElement":[{"@type":"ListItem","position":1,"name":"Strona g\u0142\u00f3wna","item":"https:\/\/www.itp-system.pl\/"},{"@type":"ListItem","position":2,"name":"\u015arodki czysto\u015bci"}]},{"@type":"WebSite","@id":"https:\/\/www.itp-system.pl\/#website","url":"https:\/\/www.itp-system.pl\/","name":"ITP-System","description":"Centrum Innowacyjnych Technologii","publisher":{"@id":"https:\/\/www.itp-system.pl\/#organization"},"potentialAction":[{"@type":"SearchAction","target":{"@type":"EntryPoint","urlTemplate":"https:\/\/www.itp-system.pl\/?s={search_term_string}"},"query-input":{"@type":"PropertyValueSpecification","valueRequired":true,"valueName":"search_term_string"}}],"inLanguage":"pl-PL"},{"@type":"Organization","@id":"https:\/\/www.itp-system.pl\/#organization","name":"ITP-System Sp. z o.o.","url":"https:\/\/www.itp-system.pl\/","logo":{"@type":"ImageObject","inLanguage":"pl-PL","@id":"https:\/\/www.itp-system.pl\/#\/schema\/logo\/image\/","url":"https:\/\/www.itp-system.pl\/wp-content\/uploads\/2021\/03\/cropped-UEEU.png","contentUrl":"https:\/\/www.itp-system.pl\/wp-content\/uploads\/2021\/03\/cropped-UEEU.png","width":400,"height":100,"caption":"ITP-System Sp. z o.o."},"image":{"@id":"https:\/\/www.itp-system.pl\/#\/schema\/logo\/image\/"}}]}},"_links":{"self":[{"href":"https:\/\/www.itp-system.pl\/index.php\/wp-json\/wp\/v2\/pages\/5963","targetHints":{"allow":["GET"]}}],"collection":[{"href":"https:\/\/www.itp-system.pl\/index.php\/wp-json\/wp\/v2\/pages"}],"about":[{"href":"https:\/\/www.itp-system.pl\/index.php\/wp-json\/wp\/v2\/types\/page"}],"author":[{"embeddable":true,"href":"https:\/\/www.itp-system.pl\/index.php\/wp-json\/wp\/v2\/users\/1"}],"replies":[{"embeddable":true,"href":"https:\/\/www.itp-system.pl\/index.php\/wp-json\/wp\/v2\/comments?post=5963"}],"version-history":[{"count":5,"href":"https:\/\/www.itp-system.pl\/index.php\/wp-json\/wp\/v2\/pages\/5963\/revisions"}],"predecessor-version":[{"id":6520,"href":"https:\/\/www.itp-system.pl\/index.php\/wp-json\/wp\/v2\/pages\/5963\/revisions\/6520"}],"wp:featuredmedia":[{"embeddable":true,"href":"https:\/\/www.itp-system.pl\/index.php\/wp-json\/wp\/v2\/media\/6444"}],"wp:attachment":[{"href":"https:\/\/www.itp-system.pl\/index.php\/wp-json\/wp\/v2\/media?parent=5963"}],"curies":[{"name":"wp","href":"https:\/\/api.w.org\/{rel}","templated":true}]}}